e y(6). What is the remainder when 7 is divided by r(c)?
2
Suppose -5*u - 72 - 129 = -4*c, -4*u = c - 66. Calculate the remainder when c is divided by 29.
25
Let o = 41 - 39. Suppose -5 = o*d - 19. What is the remainder when 19 is divided by d?
5
Suppose -p - 3 + 16 = -4*w, -2*w + 3*p - 9 = 0. Let k be (w - -2)*1*72. Let u = k + 123. What is the remainder when u is divided by 26?
25
Let w = 1068 - 1056. What is the remainder when 45 is divided by w?
9
Let x(t) = 42*t**3 - 3*t**2 + 14*t - 11. Calculate the remainder when x(1) is divided by 27.
15
Suppose -94*c - 54*c = -35*c - 3390. What is the remainder when c is divided by -4*(1 + (-22)/8)?
2
Let x(m) = 4*m**2 - 6*m + 9. Suppose 4*i - 5*i + 5 = 0. Calculate the remainder when x(i) is divided by 20.
19
Let m(l) = l**3 + 2*l**2 - 1. Let y be m(-1). Suppose y*b - b = -11. Calculate the remainder when 4/6*(-7)/(70/(-285)) is divided by b.
8
Suppose -3*d + 5*p = -7*d + 225, -d + 60 = 2*p. What is the remainder when d is divided by 9?
5
Calculate the remainder when 146 is divided by (-34)/(-4)*(13 - 5) - 0.
10
Suppose 2*q = 5*m - 4*m + 121, 3*m = 9. Let t(k) = 377*k + 1530. Calculate the remainder when q is divided by t(-4).
18
Let c(k) = -2*k**3 - 6*k**2 - 3*k - 6. Let h = 53 + -75. Calculate the remainder when c(-4) is divided by (21 + h)/(2/(-26)).
12
What is the remainder when (5 + -6*8)/(-1) is divided by (-3)/(-4) + (-85)/(-4)?
21
Let y(p) = -p**2 + 3*p + 2. Let x be y(3). Suppose -k + o = -1, -3*k - x = -2*k - 4*o. Suppose 0*v + 2 = k*v. Calculate the remainder when 2 is divided by v.
0
Let x(h) = h**3 + 8*h**2 + 9*h + 17. Calculate the remainder when x(-4) is divided by 18.
9
Suppose 8*c + 53 - 413 = 0. Calculate the remainder when 140 is divided by c.
5
Suppose -16*n = -0*n - 320. Suppose -5*s + 35 + 0 = 0. Calculate the remainder when n is divided by (s/2)/((-2)/(-4)).
6
Let z(v) = -v**3 - 10*v**2 + 23*v + 3. Calculate the remainder when 18 is divided by z(-12).
3
Suppose 0 = 63*f - 64*f + 89. What is the remainder when f is divided by 56?
33
Suppose -111 - 14 = -5*u. Calculate the remainder when 94 is divided by u.
19
Suppose 5*b - 35 = -0*b. Suppose 3*t - 55 = -2*h, 2*h + 0*t - 60 = -2*t. Let n = 60 - h. Calculate the remainder when n is divided by b.
4
Suppose 103 + 167 = 6*d. Calculate the remainder when d is divided by 18.
9
Suppose -4*m - 3*x + 75 = 0, 4*m - 3*m - 4*x = 33. Let r(f) = -f**3 + 10*f**2 - 6*f + 13. What is the remainder when r(9) is divided by m?
19
Calculate the remainder when (4 + -12)*8*4/(-2) is divided by 62.
4
Let d(m) = 2*m**3 - 5*m**2 + 3*m + 2. Let x be d(3). Suppose 9*y = 4*y + x. Calculate the remainder when 23 is divided by y.
3
Suppose 0 = -p - 5*b + 62, 4*p + 19 = 5*b + 142. What is the remainder when 813 is divided by p?
36
Suppose 0 = 2*j - 70 + 40. Suppose -13*g + j*g = 358. Calculate the remainder when g is divided by 45.
44
Let c(w) be the third derivative of w**4/6 - 5*w**3/2 + 2*w**2. Let t be c(10). Let a = 43 - t. What is the remainder when 33 is divided by a?
15
What is the remainder when 20/24 + 1334/12 + 0 is divided by 17?
10
Suppose -6*g + 150 = 4*g. Suppose 0*t - 3*t = -g, -3*i = 4*t - 44. Calculate the remainder when i is divided by 5.
3
Suppose -4*o + 2*o = s - 10, 0 = o - 4. Let m be (27 - s) + -4 + 6. Suppose -5*b + m = -43. What is the remainder when 25 is divided by b?
11
Suppose 2*n = -9 + 13. Suppose -n*m + 104 + 34 = 0. Calculate the remainder when m is divided by 24.
21
Let b(w) = -3*w - 1. Let o be b(-1). Suppose 15 = -7*u + 2*u, 4*d - o*u - 46 = 0. What is the remainder when d is divided by 3?
1
Let d be 152/(-16) + 1 + 6/(-4). What is the remainder when 17 is divided by ((-72)/d)/(-3)*5/(-2)?
5
What is the remainder when 532/(-10)*(15 + 875/(-50)) is divided by 32?
5
Suppose 5*i - 9 = -2*v, 0 = -5*v - 4*i + 3*i - 35. What is the remainder when 18/(-4)*(v + 6) is divided by 7?
2
Let u be (11 + -9)/((-4)/(-6)). Suppose -4*l + 4 = u*d, -2*l + 4 = d - 0*l. Calculate the remainder when (-6)/d*(4 + 10) is divided by 6.
3
Suppose -5*j + 5*t = 27 + 8, -4*j - 4 = 4*t. Let i be (11 - 13)*(-14)/(-4). Let f = j - i. Calculate the remainder when 5 is divided by f.
2
Let a(d) = 2*d**2 + 8*d + 22. Let s(r) = -r**2 + r. Let o(k) = a(k) + s(k). What is the remainder when 26 is divided by o(-6)?
2
Suppose -3*r + 18 = -5*t + 254, 2*r - 202 = -4*t. Calculate the remainder when t is divided by 9.
4
What is the remainder when 68 is divided by 8/((-80)/(-390)) + 8/4?
27
Let b = -154 + 199. Calculate the remainder when b is divided by 6.
3
Suppose -10*n - 164 + 214 = 0. What is the remainder when 108 is divided by n?
3
Let q(u) = -3*u - 5 + 5 + 3*u**2. Suppose -39*w + 42*w - 27 = 0. Calculate the remainder when w is divided by q(2).
3
Let n(k) = k**2 - 2*k - 3. Let i = -2498 - -2510. What is the remainder when n(8) is divided by i?
9
Suppose -274 = -3*v + 449. Calculate the remainder when v is divided by 62.
55
Suppose -3*p + 8*l - 3*l = -80, 1 = -l. Calculate the remainder when 4/6*(-558)/5*(-295)/177 is divided by p.
24
Let v = 74 - 70. Suppose 4*y - 7*y = v*q - 117, -3*y + 90 = 3*q. Let t(c) = c**3 + 4*c**2 - 2*c - 1. Calculate the remainder when q is divided by t(-4).
6
Suppose -6*d - 132 = -18*d. Calculate the remainder when d is divided by 3.
2
Suppose 2*w + 0*z - z = 49, -z + 29 = w. Let s = 56 - w. What is the remainder when s is divided by 16?
14
Let o(s) = 14*s + 144. What is the remainder when 180 is divided by o(-6)?
0
Let g = -50 + 26. Let q be 32/g + (-4)/6. What is the remainder when (6/(-9))/q*57 is divided by 7?
5
Let u be (0 + -1)*(17 - 25). Suppose u = 2*b - 30. Calculate the remainder when 36 is divided by b.
17
Suppose -9*s - 515 = -2720. Calculate the remainder when s is divided by 13.
11
Let i(v) = v**3 + 6*v**2 - 2*v - 1. Let y(n) = -546*n - 10354. What is the remainder when y(-19) is divided by i(-6)?
9
Suppose -201 + 6 = -5*n. Calculate the remainder when n is divided by (-40 + 38)*-4*1.
7
Let n(h) = 4*h**3 + 32*h**2 + 3*h - 39. Let g(y) = y**3 + y. Let x(a) = 3*g(a) - n(a). Calculate the remainder when 231 is divided by x(-32).
36
Let u(s) be the first derivative of -s**4/4 - 4*s**3/3 + 7*s**2/2 - 2*s + 16. Calculate the remainder when u(-6) is divided by 6.
4
Let v = 221 + -105. Suppose 6*h - 3*p - v = h, -78 = -3*h - p. Calculate the remainder when h is divided by -2 + 2 - 1 - -10.
7
Suppose 35*b = 27*b + 328. What is the remainder when -5 - b*(0 + -1) is divided by 12?
0
Let w(q) = -2*q. Let k = -1 + -6. Let h = -121 - -126. Calculate the remainder when w(k) is divided by h.
4
Suppose -7*h = -h + 54. Calculate the remainder when (4/(-2))/(1*6/h) is divided by 1.
0
Let p = -49 + 60. What is the remainder when 22 is divided by p?
0
Suppose -3*k - 4 = 5*g - k, -g + k - 5 = 0. Let r(o) = -o**3 + 3*o**2 + 1. What is the remainder when ((-36)/14)/(g/14) is divided by r(2)?
3
Let k(g) = 7*g + 1. Let n = 35 - 29. Let v be k(n). Suppose -4*j + 2*j - 9 = -l, -v = -3*l + 2*j. What is the remainder when 31 is divided by l?
14
Let l(y) = -9*y + 4. Let a = 684 + -673. Calculate the remainder when l(-3) is divided by a.
9
Let t = 4 - 1. Let o(i) = -4*i**2 - 8*i - 1. Let y(q) = -8*q**2 - 17*q - 1. Let r(k) = t*y(k) - 7*o(k). What is the remainder when r(-3) is divided by 14?
11
Let o(d) = 8*d**2 - 6*d + 3. Suppose -3*v - 6*n + 90 = 0, -v - 3*n = -3*v + 32. What is the remainder when o(4) is divided by v?
19
What is the remainder when 202/1 - (3 + 0) is divided by 10?
9
What is the remainder when 1158 is divided by (-1 + 3)/(14/56)?
6
Let r(z) = 33*z**2 - 9. Let y be r(3). Let s = -187 + y. What is the remainder when s is divided by 21?
17
Suppose -7*v + 492 = 23. What is the remainder when v is divided by 18?
13
Suppose a + 385 = 5*i - 2*i, -a + 655 = 5*i. Calculate the remainder when 1037 is divided by i.
127
Suppose -115 = 4*n - 9*n. Let l be (-1 - -8)/(0 - -1). Suppose -5 - l = -o. Calculate the remainder when n is divided by o.
11
Suppose -856*b + 874*b - 234 = 0. Suppose -2*k - 243 = -4*k - 5*h, -393 = -3*k + 2*h. What is the remainder when k is divided by b?
12
What is the remainder when 24/(11 - (-6522)/(-594)) is divided by 41?
40
Let i = 895 + -822. What is the remainder when i is divided by 25?
23
Suppose -3*i = 3*f - 195,